{"id":86473,"date":"2024-09-04T13:10:09","date_gmt":"2024-09-04T11:10:09","guid":{"rendered":"https:\/\/hungexpo.hu\/?post_type=events&#038;p=86473"},"modified":"2024-09-04T13:14:57","modified_gmt":"2024-09-04T11:14:57","slug":"maviz","status":"publish","type":"events","link":"https:\/\/hungexpo.hu\/en\/events\/environtec\/maviz\/","title":{"rendered":"You are invited by Hungarian Water Utility Association"},"content":{"rendered":"\n\t<div class=\"block-iframe\">\n\t\t<iframe loading=\"lazy\"\n\t\t\tsrc=\"https:\/\/eregistrator.hu\/6\/index.php?r=regisztracio\/regi\/showform&#038;regisid=76EVT24LB1D&#038;lngid=en&#038;pid=00158376&#038;urlparent=https%3A%2F%2Fhungexpo.hu%2Fen%2Fwp-json%2Fwp%2Fv2%2Fevents%2F86473\"\n\t\t\theight=\"10000\"\n\t\t\twidth=\"100%\"\n\t\t\tframeborder=\"0\"\n\t\t\tmarginheight=\"0\"\n\t\t\tscrolling=\"no\"\n\t\t\tmarginwidth=\"0\">\n\t\t<\/iframe>\n\t<\/div>\n","protected":false},"excerpt":{"rendered":"","protected":false},"featured_media":0,"parent":74055,"menu_order":2,"template":"","meta":{"_acf_changed":false},"categories":[582,583],"acf":[],"yoast_head":"<!-- This site is optimized with the Yoast SEO plugin v23.5 - https:\/\/yoast.com\/wordpress\/plugins\/seo\/ -->\n<title>You are invited by Hungarian Water Utility Association - HUNGEXPO<\/title>\n<meta name=\"description\" content=\"A CONSTRUMA ki\u00e1ll\u00edt\u00e1si csokor Magyarorsz\u00e1g kiemelked\u0151 \u00e9p\u00edt\u0151ipari, bels\u0151\u00e9p\u00edt\u00e9szeti szakmai f\u00f3ruma, amely az \u00e9p\u00edtkez\u00e9st\u0151l az \u00e9p\u00fcletg\u00e9p\u00e9szeten \u00e1t a bels\u0151\u00e9p\u00edt\u00e9szetig, lakberendez\u00e9sig lefedi az otthonteremt\u00e9s teljes spektrum\u00e1t. Komplexit\u00e1s\u00e1nak k\u00f6sz\u00f6nhet\u0151en egyed\u00fcl\u00e1ll\u00f3 a k\u00f6z\u00e9p-kelet-eur\u00f3pai r\u00e9gi\u00f3ban.\" \/>\n<meta name=\"robots\" content=\"index, follow, max-snippet:-1, max-image-preview:large, max-video-preview:-1\" \/>\n<link rel=\"canonical\" href=\"https:\/\/hungexpo.hu\/en\/events\/environtec\/maviz\/\" \/>\n<meta property=\"og:locale\" content=\"en_US\" \/>\n<meta property=\"og:type\" content=\"article\" \/>\n<meta property=\"og:title\" content=\"You are invited by Hungarian Water Utility Association - HUNGEXPO\" \/>\n<meta property=\"og:description\" content=\"A CONSTRUMA ki\u00e1ll\u00edt\u00e1si csokor Magyarorsz\u00e1g kiemelked\u0151 \u00e9p\u00edt\u0151ipari, bels\u0151\u00e9p\u00edt\u00e9szeti szakmai f\u00f3ruma, amely az \u00e9p\u00edtkez\u00e9st\u0151l az \u00e9p\u00fcletg\u00e9p\u00e9szeten \u00e1t a bels\u0151\u00e9p\u00edt\u00e9szetig, lakberendez\u00e9sig lefedi az otthonteremt\u00e9s teljes spektrum\u00e1t. Komplexit\u00e1s\u00e1nak k\u00f6sz\u00f6nhet\u0151en egyed\u00fcl\u00e1ll\u00f3 a k\u00f6z\u00e9p-kelet-eur\u00f3pai r\u00e9gi\u00f3ban.\" \/>\n<meta property=\"og:url\" content=\"https:\/\/hungexpo.hu\/en\/events\/environtec\/maviz\/\" \/>\n<meta property=\"og:site_name\" content=\"HUNGEXPO\" \/>\n<meta property=\"article:modified_time\" content=\"2024-09-04T11:14:57+00:00\" \/>\n<meta name=\"twitter:card\" content=\"summary_large_image\" \/>\n<script type=\"application\/ld+json\" class=\"yoast-schema-graph\">{\"@context\":\"https:\/\/schema.org\",\"@graph\":[{\"@type\":\"WebPage\",\"@id\":\"https:\/\/hungexpo.hu\/en\/events\/environtec\/maviz\/\",\"url\":\"https:\/\/hungexpo.hu\/en\/events\/environtec\/maviz\/\",\"name\":\"You are invited by Hungarian Water Utility Association - HUNGEXPO\",\"isPartOf\":{\"@id\":\"https:\/\/hungexpo.hu\/#website\"},\"datePublished\":\"2024-09-04T11:10:09+00:00\",\"dateModified\":\"2024-09-04T11:14:57+00:00\",\"description\":\"A CONSTRUMA ki\u00e1ll\u00edt\u00e1si csokor Magyarorsz\u00e1g kiemelked\u0151 \u00e9p\u00edt\u0151ipari, bels\u0151\u00e9p\u00edt\u00e9szeti szakmai f\u00f3ruma, amely az \u00e9p\u00edtkez\u00e9st\u0151l az \u00e9p\u00fcletg\u00e9p\u00e9szeten \u00e1t a bels\u0151\u00e9p\u00edt\u00e9szetig, lakberendez\u00e9sig lefedi az otthonteremt\u00e9s teljes spektrum\u00e1t. Komplexit\u00e1s\u00e1nak k\u00f6sz\u00f6nhet\u0151en egyed\u00fcl\u00e1ll\u00f3 a k\u00f6z\u00e9p-kelet-eur\u00f3pai r\u00e9gi\u00f3ban.\",\"breadcrumb\":{\"@id\":\"https:\/\/hungexpo.hu\/en\/events\/environtec\/maviz\/#breadcrumb\"},\"inLanguage\":\"en-US\",\"potentialAction\":[{\"@type\":\"ReadAction\",\"target\":[\"https:\/\/hungexpo.hu\/en\/events\/environtec\/maviz\/\"]}]},{\"@type\":\"BreadcrumbList\",\"@id\":\"https:\/\/hungexpo.hu\/en\/events\/environtec\/maviz\/#breadcrumb\",\"itemListElement\":[{\"@type\":\"ListItem\",\"position\":1,\"name\":\"Home\",\"item\":\"https:\/\/preview.hungexpo.hu\/en\/\"},{\"@type\":\"ListItem\",\"position\":2,\"name\":\"ENVIRONTEC\",\"item\":\"https:\/\/hungexpo.hu\/events\/environtec\/\"},{\"@type\":\"ListItem\",\"position\":3,\"name\":\"You are invited by Hungarian Water Utility Association\"}]},{\"@type\":\"WebSite\",\"@id\":\"https:\/\/hungexpo.hu\/#website\",\"url\":\"https:\/\/hungexpo.hu\/\",\"name\":\"HUNGEXPO\",\"description\":\"...egy \u00fajabb WordPress honlap...\",\"potentialAction\":[{\"@type\":\"SearchAction\",\"target\":{\"@type\":\"EntryPoint\",\"urlTemplate\":\"https:\/\/hungexpo.hu\/?s={search_term_string}\"},\"query-input\":{\"@type\":\"PropertyValueSpecification\",\"valueRequired\":true,\"valueName\":\"search_term_string\"}}],\"inLanguage\":\"en-US\"}]}<\/script>\n<!-- \/ Yoast SEO plugin. -->","yoast_head_json":{"title":"You are invited by Hungarian Water Utility Association - HUNGEXPO","description":"A CONSTRUMA ki\u00e1ll\u00edt\u00e1si csokor Magyarorsz\u00e1g kiemelked\u0151 \u00e9p\u00edt\u0151ipari, bels\u0151\u00e9p\u00edt\u00e9szeti szakmai f\u00f3ruma, amely az \u00e9p\u00edtkez\u00e9st\u0151l az \u00e9p\u00fcletg\u00e9p\u00e9szeten \u00e1t a bels\u0151\u00e9p\u00edt\u00e9szetig, lakberendez\u00e9sig lefedi az otthonteremt\u00e9s teljes spektrum\u00e1t. Komplexit\u00e1s\u00e1nak k\u00f6sz\u00f6nhet\u0151en egyed\u00fcl\u00e1ll\u00f3 a k\u00f6z\u00e9p-kelet-eur\u00f3pai r\u00e9gi\u00f3ban.","robots":{"index":"index","follow":"follow","max-snippet":"max-snippet:-1","max-image-preview":"max-image-preview:large","max-video-preview":"max-video-preview:-1"},"canonical":"https:\/\/hungexpo.hu\/en\/events\/environtec\/maviz\/","og_locale":"en_US","og_type":"article","og_title":"You are invited by Hungarian Water Utility Association - HUNGEXPO","og_description":"A CONSTRUMA ki\u00e1ll\u00edt\u00e1si csokor Magyarorsz\u00e1g kiemelked\u0151 \u00e9p\u00edt\u0151ipari, bels\u0151\u00e9p\u00edt\u00e9szeti szakmai f\u00f3ruma, amely az \u00e9p\u00edtkez\u00e9st\u0151l az \u00e9p\u00fcletg\u00e9p\u00e9szeten \u00e1t a bels\u0151\u00e9p\u00edt\u00e9szetig, lakberendez\u00e9sig lefedi az otthonteremt\u00e9s teljes spektrum\u00e1t. Komplexit\u00e1s\u00e1nak k\u00f6sz\u00f6nhet\u0151en egyed\u00fcl\u00e1ll\u00f3 a k\u00f6z\u00e9p-kelet-eur\u00f3pai r\u00e9gi\u00f3ban.","og_url":"https:\/\/hungexpo.hu\/en\/events\/environtec\/maviz\/","og_site_name":"HUNGEXPO","article_modified_time":"2024-09-04T11:14:57+00:00","twitter_card":"summary_large_image","schema":{"@context":"https:\/\/schema.org","@graph":[{"@type":"WebPage","@id":"https:\/\/hungexpo.hu\/en\/events\/environtec\/maviz\/","url":"https:\/\/hungexpo.hu\/en\/events\/environtec\/maviz\/","name":"You are invited by Hungarian Water Utility Association - HUNGEXPO","isPartOf":{"@id":"https:\/\/hungexpo.hu\/#website"},"datePublished":"2024-09-04T11:10:09+00:00","dateModified":"2024-09-04T11:14:57+00:00","description":"A CONSTRUMA ki\u00e1ll\u00edt\u00e1si csokor Magyarorsz\u00e1g kiemelked\u0151 \u00e9p\u00edt\u0151ipari, bels\u0151\u00e9p\u00edt\u00e9szeti szakmai f\u00f3ruma, amely az \u00e9p\u00edtkez\u00e9st\u0151l az \u00e9p\u00fcletg\u00e9p\u00e9szeten \u00e1t a bels\u0151\u00e9p\u00edt\u00e9szetig, lakberendez\u00e9sig lefedi az otthonteremt\u00e9s teljes spektrum\u00e1t. Komplexit\u00e1s\u00e1nak k\u00f6sz\u00f6nhet\u0151en egyed\u00fcl\u00e1ll\u00f3 a k\u00f6z\u00e9p-kelet-eur\u00f3pai r\u00e9gi\u00f3ban.","breadcrumb":{"@id":"https:\/\/hungexpo.hu\/en\/events\/environtec\/maviz\/#breadcrumb"},"inLanguage":"en-US","potentialAction":[{"@type":"ReadAction","target":["https:\/\/hungexpo.hu\/en\/events\/environtec\/maviz\/"]}]},{"@type":"BreadcrumbList","@id":"https:\/\/hungexpo.hu\/en\/events\/environtec\/maviz\/#breadcrumb","itemListElement":[{"@type":"ListItem","position":1,"name":"Home","item":"https:\/\/preview.hungexpo.hu\/en\/"},{"@type":"ListItem","position":2,"name":"ENVIRONTEC","item":"https:\/\/hungexpo.hu\/events\/environtec\/"},{"@type":"ListItem","position":3,"name":"You are invited by Hungarian Water Utility Association"}]},{"@type":"WebSite","@id":"https:\/\/hungexpo.hu\/#website","url":"https:\/\/hungexpo.hu\/","name":"HUNGEXPO","description":"...egy \u00fajabb WordPress honlap...","potentialAction":[{"@type":"SearchAction","target":{"@type":"EntryPoint","urlTemplate":"https:\/\/hungexpo.hu\/?s={search_term_string}"},"query-input":{"@type":"PropertyValueSpecification","valueRequired":true,"valueName":"search_term_string"}}],"inLanguage":"en-US"}]}},"_links":{"self":[{"href":"https:\/\/hungexpo.hu\/en\/wp-json\/wp\/v2\/events\/86473"}],"collection":[{"href":"https:\/\/hungexpo.hu\/en\/wp-json\/wp\/v2\/events"}],"about":[{"href":"https:\/\/hungexpo.hu\/en\/wp-json\/wp\/v2\/types\/events"}],"version-history":[{"count":4,"href":"https:\/\/hungexpo.hu\/en\/wp-json\/wp\/v2\/events\/86473\/revisions"}],"predecessor-version":[{"id":86480,"href":"https:\/\/hungexpo.hu\/en\/wp-json\/wp\/v2\/events\/86473\/revisions\/86480"}],"up":[{"embeddable":true,"href":"https:\/\/hungexpo.hu\/en\/wp-json\/wp\/v2\/events\/74055"}],"wp:attachment":[{"href":"https:\/\/hungexpo.hu\/en\/wp-json\/wp\/v2\/media?parent=86473"}],"wp:term":[{"taxonomy":"category","embeddable":true,"href":"https:\/\/hungexpo.hu\/en\/wp-json\/wp\/v2\/categories?post=86473"}],"curies":[{"name":"wp","href":"https:\/\/api.w.org\/{rel}","templated":true}]}}

<!-- This site is optimized with the Yoast SEO plugin v23.5 - https://yoast.com/wordpress/plugins/seo/ -->
<title>You are invited by Hungarian Water Utility Association - HUNGEXPO</title>
<meta name="description" content="A CONSTRUMA kiállítási csokor Magyarország kiemelkedő építőipari, belsőépítészeti szakmai fóruma, amely az építkezéstől az épületgépészeten át a belsőépítészetig, lakberendezésig lefedi az otthonteremtés teljes spektrumát. Komplexitásának köszönhetően egyedülálló a közép-kelet-európai régióban." />
<meta name="robots" content="index, follow, max-snippet:-1, max-image-preview:large, max-video-preview:-1" />
<link rel="canonical" href="https://hungexpo.hu/en/events/environtec/maviz/" />
<meta property="og:locale" content="en_US" />
<meta property="og:type" content="article" />
<meta property="og:title" content="You are invited by Hungarian Water Utility Association - HUNGEXPO" />
<meta property="og:description" content="A CONSTRUMA kiállítási csokor Magyarország kiemelkedő építőipari, belsőépítészeti szakmai fóruma, amely az építkezéstől az épületgépészeten át a belsőépítészetig, lakberendezésig lefedi az otthonteremtés teljes spektrumát. Komplexitásának köszönhetően egyedülálló a közép-kelet-európai régióban." />
<meta property="og:url" content="https://hungexpo.hu/en/events/environtec/maviz/" />
<meta property="og:site_name" content="HUNGEXPO" />
<meta property="article:modified_time" content="2024-09-04T11:14:57+00:00" />
<meta name="twitter:card" content="summary_large_image" />
<script type="application/ld+json" class="yoast-schema-graph">{"@context":"https://schema.org","@graph":[{"@type":"WebPage","@id":"https://hungexpo.hu/en/events/environtec/maviz/","url":"https://hungexpo.hu/en/events/environtec/maviz/","name":"You are invited by Hungarian Water Utility Association - HUNGEXPO","isPartOf":{"@id":"https://hungexpo.hu/#website"},"datePublished":"2024-09-04T11:10:09+00:00","dateModified":"2024-09-04T11:14:57+00:00","description":"A CONSTRUMA kiállítási csokor Magyarország kiemelkedő építőipari, belsőépítészeti szakmai fóruma, amely az építkezéstől az épületgépészeten át a belsőépítészetig, lakberendezésig lefedi az otthonteremtés teljes spektrumát. Komplexitásának köszönhetően egyedülálló a közép-kelet-európai régióban.","breadcrumb":{"@id":"https://hungexpo.hu/en/events/environtec/maviz/#breadcrumb"},"inLanguage":"en-US","potentialAction":[{"@type":"ReadAction","target":["https://hungexpo.hu/en/events/environtec/maviz/"]}]},{"@type":"BreadcrumbList","@id":"https://hungexpo.hu/en/events/environtec/maviz/#breadcrumb","itemListElement":[{"@type":"ListItem","position":1,"name":"Home","item":"https://preview.hungexpo.hu/en/"},{"@type":"ListItem","position":2,"name":"ENVIRONTEC","item":"https://hungexpo.hu/events/environtec/"},{"@type":"ListItem","position":3,"name":"You are invited by Hungarian Water Utility Association"}]},{"@type":"WebSite","@id":"https://hungexpo.hu/#website","url":"https://hungexpo.hu/","name":"HUNGEXPO","description":"...egy újabb WordPress honlap...","potentialAction":[{"@type":"SearchAction","target":{"@type":"EntryPoint","urlTemplate":"https://hungexpo.hu/?s={search_term_string}"},"query-input":{"@type":"PropertyValueSpecification","valueRequired":true,"valueName":"search_term_string"}}],"inLanguage":"en-US"}]}</script>
<!-- / Yoast SEO plugin. -->

A CONSTRUMA kiállítási csokor Magyarország kiemelkedő építőipari, belsőépítészeti szakmai fóruma, amely az építkezéstől az épületgépészeten át a belsőépítészetig, lakberendezésig lefedi az otthonteremtés teljes spektrumát. Komplexitásának köszönhetően egyedülálló a közép-kelet-európai régióban.

...egy újabb WordPress honlap...
